sor of 1523 and 16125524?
1523
Calculate the greatest common factor of 693 and 6351499.
77
What is the greatest common divisor of 213579 and 26847?
171
Calculate the highest common divisor of 209 and 2211704.
11
What is the highest common divisor of 500 and 138495800?
100
What is the highest common divisor of 522834 and 68874?
78
What is the greatest common factor of 972 and 4295673?
81
What is the highest common factor of 211173 and 3999?
129
Calculate the greatest common factor of 88 and 8705653.
11
What is the highest common divisor of 7384912 and 32?
16
What is the highest common factor of 7421 and 1666773?
41
Calculate the greatest common factor of 36880875 and 16875.
1125
Calculate the greatest common divisor of 150 and 45348650.
50
Calculate the highest common factor of 1954727291 and 22.
11
Calculate the greatest common factor of 785840 and 227104.
752
Calculate the greatest common factor of 72 and 384767280.
72
What is the highest common factor of 934482112 and 1088?
1088
Calculate the greatest common divisor of 55350 and 344790.
270
What is the greatest common factor of 68529051 and 54?
27
Calculate the highest common divisor of 250615 and 2170.
5
What is the greatest common factor of 3024818 and 2001688?
2026
What is the highest common factor of 2263462 and 12294?
1366
Calculate the greatest common divisor of 1094790 and 13470.
30
What is the greatest common factor of 650736828 and 336?
84
Calculate the highest common factor of 1938 and 61800.
6
What is the highest common factor of 1254 and 43427274?
1254
Calculate the highest common divisor of 42 and 310590021.
21
Calculate the greatest common factor of 78006805 and 205.
205
What is the highest common factor of 88894 and 237226?
526
Calculate the greatest common factor of 6117 and 7791.
3
Calculate the highest common divisor of 3185 and 39428155.
65
Calculate the greatest common factor of 12 and 7621668.
12
What is the highest common divisor of 3100 and 140957?
31
Calculate the highest common factor of 90 and 270782370.
90
Calculate the greatest common divisor of 2574710 and 1387.
73
What is the highest common factor of 115570 and 441350?
910
Calculate the highest common divisor of 21 and 2066869.
7
What is the highest common factor of 331857 and 1356107?
4097
What is the highest common divisor of 682771 and 85?
17
Calculate the greatest common factor of 1047066 and 258093.
237
What is the highest common divisor of 14969646 and 36?
18
Calculate the highest common divisor of 736 and 2645536.
32
Calculate the highest common factor of 13343820 and 15036.
84
What is the highest common divisor of 1813343 and 7889?
1127
Calculate the greatest common divisor of 1071607 and 477.
53
What is the highest common factor of 1479478 and 5912?
1478
What is the highest common factor of 2 and 1314585?
1
Calculate the greatest common factor of 93 and 33650531.
31
What is the greatest common divisor of 88 and 15699388?
4
Calculate the highest common divisor of 654325 and 184625.
175
What is the highest common divisor of 2332 and 26434704?
212
What is the highest common divisor of 5309614 and 489358?
1594
Calculate the greatest common factor of 5820 and 92595036.
1164
Calculate the highest common divisor of 12869248 and 10176.
3392
Calculate the greatest common factor of 2729007 and 13617.
801
What is the greatest common divisor of 3000139576 and 14?
14
What is the highest common divisor of 3318 and 134722334?
158
What is the greatest common divisor of 2651361 and 2877?
411
What is the highest common divisor of 22234883 and 37202?
209
Calculate the greatest common divisor of 12621 and 100367601.
1803
Calculate the greatest common factor of 29382 and 632958.
498
What is the highest common factor of 783 and 190849?
29
Calculate the highest common factor of 16036 and 116683.
211
What is the greatest common divisor of 224366 and 130747?
17
What is the highest common divisor of 4971798 and 288?
18
Calculate the highest common factor of 15654894 and 2991.
2991
What is the highest common divisor of 39159 and 601125?
687
What is the greatest common divisor of 10 and 82703380?
10
Calculate the greatest common divisor of 2165 and 393455.
5
Calculate the greatest common factor of 6 and 17900823.
3
What is the highest common factor of 2001503 and 735?
49
What is the highest common divisor of 495900 and 450?
450
Calculate the greatest common divisor of 2895936 and 15.
3
Calculate the highest common factor of 61612598 and 2971.
2971
What is the highest common divisor of 4469 and 4298494243?
4469
What is the greatest common divisor of 1687518 and 90?
18
Calculate the highest common divisor of 360 and 763368.
24
Calculate the greatest common factor of 187532 and 331468.
692
What is the greatest common divisor of 18878895 and 14454?
657
What is the highest common factor of 339363440 and 13741?
1963
Calculate the highest common divisor of 664409168 and 688.
688
What is the highest common divisor of 8062620 and 140?
20
Calculate the greatest common divisor of 15462 and 37326.
6
What is the highest common factor of 59026 and 1236334?
22
Calculate the greatest common factor of 3666188 and 141.
47
What is the greatest common divisor of 151245 and 45?
45
Calculate the highest common divisor of 369570588 and 2256.
564
What is the highest common divisor of 1902096 and 21336?
168
What is the highest common factor of 4730 and 258200?
10
Calculate the highest common factor of 909645 and 38665.
2035
What is the greatest common factor of 71413075 and 13265?
1895
What is the greatest common factor of 4579 and 405603?
241
What is the greatest common divisor of 446069323 and 62?
31
Calculate the highest common divisor of 3375629 and 412757.
1247
Calculate the greatest common factor of 1139185 and 615.
205
Calculate the greatest common factor of 1482881 and 4328.
541
What is the greatest common factor of 4 and 16485262?
2
Calculate the greatest common factor of 17345496 and 69.
69
What is the greatest common factor of 66 and 127996352?
22
What is the greatest common divisor of 46359 and 136221?
51
What is the highest common factor of 16500 and 113660800?
1100
What is the greatest common divisor of 7285 and 12221316?
1457
What is the highest common divisor of 1778859 and 9?
9
What is the greatest common factor of 13471365 and 1545?
15
What is the highest common divisor of 495189 and 72?
9
What is the highest common divisor of 33 and 49657201?
11
Calculate the greatest common factor of 3336361798 and 77.
77
What is the highest common divisor of 143668754 and 1362?
454
What is the greatest common factor of 609114 and 6534?
726
What is the highest common divisor of 294176 and 111824?
464
What is the highest common divisor of 8194 and 11127934?
482
Calculate the greatest common divisor of 13131 and 24660.
9
Calculate the greatest common divisor of 12350157 and 3207.
3207
What is the greatest common divisor of 29823 and 4056?
3
What is the highest common divisor of 37801 and 101?
1
What is the greatest common divisor of 39828 and 4404?
12
Calculate the highest common divisor of 2100028 and 8587824.
11732
What is the highest common divisor of 3576393 and 729?
81
What is the greatest common divisor of 18049102 and 3296?
206
Calculate the greatest common divisor of 18 and 38674404.
18
Calculate the greatest common divisor of 20989416 and 868.
28
What is the greatest common factor of 191268 and 223399?
253
What is the greatest common factor of 13570585 and 2709?
301
Calculate the greatest common divisor of 11398 and 864034.
82
Calculate the highest common factor of 1225799 and 5318.
2659
What is the greatest common factor of 115169570 and 1398?
466
What is the greatest common factor of 1057 and 327184988?
151
Calculate the highest common factor of 2312024 and 46224312.
16168
Calculate the greatest common divisor of 30077296 and 301.
43
Calculate the greatest common divisor of 2968336 and 8176.
112
What is the highest common divisor of 5627960 and 390?
130
Calculate the highest common factor of 421777 and 550237.
2141
What is the highest common factor of 11653422 and 2508?
1254
What is the highest common factor of 91424 and 51703129?
2857
What is the highest common factor of 50 and 8630170?
10
What is the highest common factor of 14350 and 9